s 91571 composite?
False
Is 1879495 a composite number?
True
Is 89935 a composite number?
True
Is 50087 composite?
False
Is 7633 composite?
True
Is 6407 a composite number?
True
Is 42037 composite?
True
Is 293933 a composite number?
True
Is 16087 prime?
True
Is 731 prime?
False
Is 5378411 a composite number?
False
Is 15595 a composite number?
True
Is 3137 composite?
False
Is 238423 composite?
False
Is 115183 a prime number?
True
Is 400739 a composite number?
False
Is 48437 composite?
False
Is 28699 a composite number?
True
Is 19235 prime?
False
Is 163927 composite?
False
Is 11113 prime?
True
Is 62047 a prime number?
True
Is 79817 prime?
True
Is 9533 a composite number?
False
Is 132631 a prime number?
True
Is 69313 composite?
False
Is 191161 a prime number?
True
Is 53743 a prime number?
False
Is 127039 a prime number?
False
Is 1295821 composite?
True
Is 1271 a composite number?
True
Is 3935 a composite number?
True
Is 100999 prime?
True
Is 2633 a prime number?
True
Is 509809 composite?
True
Is 651397 prime?
True
Is 13555 a prime number?
False
Is 33907 prime?
False
Is 101482 composite?
True
Is 39469 composite?
True
Is 237401 prime?
True
Is 1657 a prime number?
True
Is 41407 a prime number?
False
Is 38993 a composite number?
False
Is 23329 a prime number?
False
Is 45887 a prime number?
True
Is 34553 a prime number?
False
Is 125831 composite?
True
Is 96527 composite?
False
Is 6085 a prime number?
False
Is 51087 a composite number?
True
Is 19882 composite?
True
Is 13579 a prime number?
False
Is 1864691 composite?
False
Is 10495 prime?
False
Is 6863 composite?
False
Is 86923 prime?
True
Is 45113 prime?
False
Is 67307 a composite number?
False
Is 3347 composite?
False
Is 31757 a prime number?
False
Is 8285 a prime number?
False
Is 5155 a prime number?
False
Is 26303 prime?
False
Is 54089 prime?
False
Is 123887 a prime number?
True
Is 54853 prime?
False
Is 581881 a prime number?
False
Is 1543 a composite number?
False
Is 83347 composite?
True
Is 550489 prime?
True
Is 48017 a composite number?
False
Is 10903 prime?
True
Is 523099 a prime number?
False
Is 25261 a composite number?
False
Is 303971 a composite number?
True
Is 1025821 composite?
True
Is 150701 prime?
False
Is 7135 prime?
False
Is 15166 prime?
False
Is 57367 a composite number?
False
Is 10243 composite?
False
Is 3491 a composite number?
False
Is 959297 a composite number?
True
Is 31431 a composite number?
True
Is 21374 prime?
False
Is 1139 a prime number?
False
Is 9569 prime?
False
Is 20413 composite?
True
Is 9967 composite?
False
Is 229309 composite?
False
Is 10373017 composite?
False
Is 757 composite?
False
Is 120229 composite?
True
Is 124766 a composite number?
True
Is 58469 prime?
False
Is 2179 a prime number?
True
Is 211493 composite?
False
Is 398285 a composite number?
True
Is 11899 prime?
False
Is 265037 prime?
True
Is 9173 a prime number?
True
Is 10085 a prime number?
False
Is 2437789 composite?
True
Is 6613 a composite number?
True
Is 331879 prime?
False
Is 2491 prime?
False
Is 5854 a prime number?
False
Is 136879 prime?
True
Is 5987 a composite number?
False
Is 4247 a prime number?
False
Is 182581 a prime number?
False
Is 98573 a composite number?
False
Is 873581 a prime number?
False
Is 27533 a prime number?
False
Is 1954 composite?
True
Is 710169 prime?
False
Is 1937 prime?
False
Is 797161 a prime number?
True
Is 5209 composite?
False
Is 7961 a prime number?
False
Is 288787 composite?
True
Is 932303 prime?
True
Is 120293 a prime number?
True
Is 452131 composite?
False
Is 12237 a composite number?
True
Is 22309 prime?
False
Is 142697 composite?
False
Is 3687071 composite?
False
Is 82226 composite?
True
Is 37849 composite?
True
Is 121645 composite?
True
Is 6103 a prime number?
False
Is 1133 composite?
True
Is 49103 composite?
False
Is 703 prime?
False
Is 29473 a prime number?
True
Is 2707319 composite?
False
Is 12323 composite?
False
Is 552641 prime?
False
Is 324463 prime?
False
Is 3299 a prime number?
True
Is 2385881 a prime number?
True
Is 5461 a prime number?
False
Is 14837 a prime number?
False
Is 9587 a composite number?
False
Is 244907 a prime number?
False
Is 5027 prime?
False
Is 739 prime?
True
Is 21787 composite?
False
Is 254753 a composite number?
False
Is 719 a composite number?
False
Is 295513 prime?
True
Is 90065 composite?
True
Is 3313 a composite number?
False
Is 347683 prime?
False
Is 383059 a prime number?
False
Is 261151 composite?
True
Is 87853 a prime number?
True
Is 8579 a composite number?
True
Is 93887 prime?
True
Is 750759 a prime number?
False
Is 47581 a composite number?
False
Is 8117 a composite number?
False
Is 380113 prime?
False
Is 53255 a composite number?
True
Is 22013 a composite number?
False
Is 845581 a composite number?
True
Is 53473 a prime number?
False
Is 164999 a composite number?
False
Is 2186 a composite number?
True
Is 897595 prime?
False
Is 2442941 composite?
False
Is 204653 a composite number?
True
Is 52807 a composite number?
False
Is 3389 a prime number?
True
Is 46481 a composite number?
True
Is 301778 a prime number?
False
Is 59441 a prime number?
True
Is 1819003 a composite number?
True
Is 7068101 a prime number?
True
Is 45739 a composite number?
True
Is 1945957 a composite number?
True
Is 13463 a composite number?
False
Is 9077 a prime number?
False
Is 685 prime?
False
Is 1618 composite?
True
Is 81119 a prime number?
True
Is 205651 a composite number?
False
Is 27053 composite?
True
Is 16909 a prime number?
False
Is 28387 a composite number?
False
Is 1822 composite?
True
Is 420757 a prime number?
True
Is 355193 a composite number?
False
Is 35071 composite?
True
Is 6007 a prime number?
True
Is 50429 a prime number?
False
Is 11721 a composite number?
True
Is 5227 prime?
True
Is 239929 prime?
True
Is 4907161 a prime number?
False
Is 45307 composite?
False
Is 30427 a composite number?
False
Is 9031 a composite number?
True
Is 62547 a prime number?
False
Is 125299 composite?
False
Is 1432945 a prime number?
False
Is 28807 composite?
False
Is 2179 composite?
False
Is 148609 composite?
False
Is 2066879 a composite number?
False
Is 1277 prime?
True
Is 29123 a prime number?
True
Is 131329 a prime number?
False
Is 284341 a composite number?
False
Is 37322 a composite number?
True
Is 13309 prime?
True
Is 287981 composite?
True
Is 617951 a composite number?
False
Is 139361 prime?
True
Is 1305779 prime?
False
Is 82067 a composite number?
False
Is 319565 prime?
False
Is 150266 a composite number?
True
Is 87146 composite?
True
Is 14923 composite?
False
Is 11243 a composite number?
False
Is 343601 prime?
True
Is 185587 a prime number?
False
Is 15727 composite?
False
Is 1839 a composite number?
True
Is 36739 composite?
False
Is 31379 composite?
False
Is 42131 prime?
True
Is 2757 prime?
False
Is 178937 a prime number?
False
Is 21787 a prime number?
True
Is 42623 composite?
True
Is 296051 prime?
False
Is 1430521 a prime number?
True
Is 1163 a prime number?
True
Is 3761 composite?
False
Is 1149037 composite?
False
Is 767 a composite number?
True
Is 10097 a prime number?
False
Is 81409 a prime number?
True
Is 56359 composite?
False
Is 132513 a prime number?
False
Is 1012903 a prime number?
True
Is 51091 prime?
False
Is 12039 prime?
False
Is 19263 a composite number?
True
Is 13241 a composite number?
False
Is 11861 a composite number?
True
Is 14173 composite?
False
Is 907 a prime number?
True
Is 560249 prime?
True
Is 147947 a prime number?
False
Is 7699 a composite number?
False
Is 56053 a prime number?
True
Is 48383 composite?
False
Is 11015 a composite number?
True
Is 178681 a prime number?
True
Is 139667 a prime number?
False
Is 76441 a composite number?
False
Is 61781 prime?
True
Is 2379677 composite?
True
Is 77897 prime?
False
Is 241589 a prime number?
True
Is 5701 a composite number?
False
Is 591287 prime?
True
Is 170579 a prime number?
True
Is 36415 a composite number?
True
Is 54437 composite?
False
Is 23651 composite?
True
Is 12981 a composite number?
True
Is 432833 prime?
True
Is 23245 a prime number?
False
Is 147607 prime?
True
Is 49255 a composite number?
True
Is 4721 composite?
False
Is 1173239 a composite number?
False
Is 11383 a prime number?
True
Is 8121 a composite number?
True
Is 259 composite?
True
Is 64289 composite?
True
Is 37747